1*o + 3. Calculate u(-4).
23
Let z(o) = -o**3 + 18*o**2 + 37*o - 369. Give z(19).
-27
Let q(h) = -3*h**3 + 127*h**2 - 75*h + 1460. Calculate q(42).
74
Let z(w) = -2*w**3 + 15*w**2 + 504*w - 4517. Calculate z(14).
-9
Let r(z) = 6081*z + 225160. What is r(-37)?
163
Let i(t) = -t**2 + 72*t + 537400. Determine i(770).
-60
Let k(w) = -14276*w + 128956. Give k(9).
472
Let h(c) = 2*c**3 + 78*c**2 + 8*c + 273. Calculate h(-39).
-39
Let b(y) = 4*y**2 + 79324*y - 83. Give b(0).
-83
Let n(i) = i**2 - 2*i - 2206. What is n(33)?
-1183
Let y(r) = -r**3 + 15*r**2 + 15*r - 102. Calculate y(16).
-118
Let z(r) = 413*r + 204844. What is z(-496)?
-4
Let u(y) = -y**2 - 317*y + 1959. Determine u(6).
21
Let v(j) = -j**3 - 110*j**2 - 2342*j + 552. Give v(-81).
-15
Let f(b) = -b**3 + 16*b**2 + 1172*b - 8478. Give f(40).
2
Let s(n) = 20*n**2 + 97*n - 529. Give s(6).
773
Let p(n) = -55231*n - 220949. Give p(-4).
-25
Let r(l) = l**2 - 163045*l + 1630369. Determine r(10).
19
Let x(t) = 343*t - 124153. Calculate x(362).
13
Let r(h) = -3566*h + 153262. Determine r(43).
-76
Let l(i) = -1083*i - 149445. Determine l(-138).
9
Let i(z) = -z**3 - 28*z**2 - 113*z - 714. Determine i(-25).
236
Let c(r) = -r**3 - 67*r**2 + 367*r - 336. Calculate c(4).
-4
Let y(b) = b**3 + 57*b**2 + 423*b + 739. Calculate y(-6).
37
Let z(c) = -37*c**2 - 3485*c - 20870. Give z(-6).
-1292
Let u(a) = -998728*a - 7989822. What is u(-8)?
2
Let o(h) = -181188*h - 905961. Give o(-5).
-21
Let p(v) = 83*v**2 - 8*v - 113. What is p(-7)?
4010
Let d(f) = 786013*f - 3144053. What is d(4)?
-1
Let z(c) = c**2 - 4649*c + 110963. Calculate z(24).
-37
Let q(k) = -27*k**2 - 1263*k + 1277. What is q(1)?
-13
Let z(c) = -2472*c + 84437. Determine z(34).
389
Let i(d) = d**3 + 327*d**2 - 3724*d + 60. What is i(11)?
-6
Let n(f) = 148363*f + 4895993. Calculate n(-33).
14
Let q(x) = 11927*x - 71547. Give q(6).
15
Let n(i) = 95*i**3 + 662*i**2 - 11*i - 9. Determine n(-7).
-79
Let q(d) = d**2 - 525*d + 68286. Give q(286).
-68
Let u(f) = 63818*f + 4658718. Calculate u(-73).
4
Let l(n) = -13*n**2 + 751*n + 20517. Determine l(78).
3
Let g(k) = 92958*k - 4183109. Calculate g(45).
1
Let b(w) = -w**3 + 193*w**2 - 4627*w + 1185. What is b(165)?
30
Let y(x) = -351*x - 3377. Give y(-5).
-1622
Let q(x) = -5208*x - 1135343. Determine q(-218).
1
Let l(w) = -15*w**2 + 25*w - 31. Give l(2).
-41
Let q(k) = -k**3 + 75*k**2 - 78*k + 5840. Calculate q(75).
-10
Let k(n) = -3*n**3 + 1019*n**2 - 1750*n + 20274. What is k(338)?
-6
Let a(m) = -24*m**3 + 24787*m**2 + 29985*m + 1019. Determine a(1034).
-15
Let p(h) = -10368*h - 72746. Calculate p(-7).
-170
Let w(r) = -2*r**2 - 250*r - 1407. What is w(-115)?
893
Let d(b) = 8590*b + 7842647. Determine d(-913).
-23
Let c(z) = -z**2 - 2565*z - 53419. Determine c(-21).
5
Let j(h) = 11099*h + 665867. Determine j(-60).
-73
Let y(j) = 270*j - 121364. What is y(449)?
-134
Let x(k) = -116*k**2 - 107*k + 105. What is x(1)?
-118
Let f(s) = 221*s - 4204. Calculate f(20).
216
Let v(n) = n**3 + 76*n**2 + 1456*n + 903. Determine v(-35).
168
Let g(b) = -28*b**2 + 2923*b + 23855. Calculate g(112).
-1
Let d(t) = t**3 + 144*t**2 - 7264*t - 1046013. Calculate d(-144).
3
Let s(n) = 127*n**2 - 1900*n - 69. Calculate s(15).
6
Let b(p) = -8*p**3 + 50*p**2 - 55041*p + 330176. Calculate b(6).
2
Let f(s) = 3322*s + 275825. Calculate f(-83).
99
Let q(f) = f**3 + f**2 - 5846*f - 244. Calculate q(76).
212
Let d(h) = 17*h**2 - 46*h + 21. Determine d(7).
532
Let c(g) = -g**3 + 2*g**2 + 45*g + 15. What is c(0)?
15
Let g(q) = -3*q**3 - 250*q**2 + 216*q + 4029. What is g(-84)?
-3
Let o(f) = -f**2 - 1124*f - 309432. Determine o(-642).
12
Let o(u) = 53*u**2 - 106*u - 1302. What is o(-7)?
2037
Let a(m) = m**2 + 5841*m + 1322797. Determine a(-236).
17
Let y(x) = 125763*x - 377448. Calculate y(3).
-159
Let i(p) = 81012*p - 243005. Calculate i(3).
31
Let w(g) = -g**3 + 63*g**2 - 12*g - 484. Determine w(63).
-1240
Let a(i) = -98*i - 982. Determine a(-3).
-688
Let r(f) = -641*f + 57189. Calculate r(89).
140
Let c(f) = -7188*f + 57447. Give c(8).
-57
Let u(x) = -2*x**2 + 119*x - 415. What is u(59)?
-356
Let q(l) = 4*l**3 + 241*l**2 - 193*l - 614. Calculate q(-61).
-4
Let t(l) = 17857*l + 38017564. Calculate t(-2129).
11
Let o(p) = -61*p**3 + 9926*p**2 + 2773*p - 333. Determine o(163).
-7
Let o(t) = 4681*t**2 + 126378*t - 264. Calculate o(-27).
-21
Let v(w) = -4*w**2 - 123*w - 871. Determine v(-13).
52
Let h(m) = 3*m**3 - 5*m**2 + 136*m - 932. Give h(9).
2074
Let n(p) = -65327*p + 2286440. What is n(35)?
-5
Let q(p) = 2862*p - 40042. Calculate q(14).
26
Let i(c) = -2*c**3 - 16*c**2 - 93*c + 8. What is i(-7)?
561
Let r(a) = 736*a - 5427. Calculate r(9).
1197
Let d(b) = -b**3 - 1137*b**2 + 63062*b - 9525. Calculate d(-1190).
-5
Let l(b) = -69*b**2 + 662*b - 1292. Determine l(2).
-244
Let r(t) = 2*t**2 + 489*t - 9204. What is r(18)?
246
Let v(p) = -552*p**3 + 11*p**2 - 22*p + 11. What is v(1)?
-552
Let d(q) = 2*q**3 - 17*q**2 - 35*q + 226. Calculate d(10).
176
Let y(a) = 9*a**2 - 586*a + 5337. What is y(11)?
-20
Let v(b) = -1093*b + 73209. Calculate v(67).
-22
Let c(p) = -44*p**2 - 62*p + 1118. What is c(10)?
-3902
Let r(g) = -3179*g - 101675. Determine r(-32).
53
Let l(w) = -2*w**2 - 252*w + 528. What is l(2)?
16
Let h(f) = -21297*f + 212968. What is h(10)?
-2
Let a(v) = v**2 + 154*v + 5567. Give a(-93).
-106
Let a(d) = -2560*d - 555730. What is a(-217)?
-210
Let w(b) = b**3 + 120*b**2 + 263*b + 3147. Give w(-118).
-39
Let u(g) = -g**3 + 126*g**2 + 3978*g + 642. Determine u(-26).
-34
Let r(o) = -o**3 - 194*o**2 + 9*o + 1811. What is r(-194)?
65
Let g(r) = -r**3 - 75*r**2 + 2520*r + 2021. Calculate g(-100).
21
Let h(z) = 248*z + 58779. What is h(-237)?
3
Let c(z) = 52*z**2 - 20*z - 310. Calculate c(-8).
3178
Let l(x) = -4*x**2 + 107*x - 644. Give l(8).
-44
Let z(y) = -y**2 - 328*y - 25594. Determine z(-128).
6
Let y(b) = 9610*b - 759202. Determine y(79).
-12
Let d(r) = -50*r**2 + 710*r - 129. Calculate d(14).
11
Let x(a) = 5*a**2 + 338*a - 3210. Calculate x(10).
670
Let d(j) = 58*j**2 - 253*j + 1233. Give d(8).
2921
Let h(s) = -177*s - 16900. Calculate h(-90).
-970
Let m(q) = 148712*q + 1635835. Give m(-11).
3
Let l(p) = -440*p - 1040. What is l(2)?
-1920
Let p(i) = 529*i + 47529. Determine p(-87).
1506
Let b(l) = l**2 - 542*l - 2860. What is b(-5)?
-125
Let w(z) = -23575*z + 306469. Calculate w(13).
-6
Let a(l) = 3057*l - 403537. What is a(132)?
-13
Let z(m) = -46011*m - 2852683. Determine z(-62).
-1
Let t(u) = -u**2 - 12649*u + 25292. Determine t(2).
-10
Let s(j) = j**3 - 18*j**2 + 104*j - 299. Calculate s(11).
-2
Let z(i) = 163*i**2 - 51*i - 6. Give z(1).
106
Let t(g) = -257663*g - 257660. Give t(-1).
3
Let a(c) = 7614*c - 601613. Give a(79).
-107
Let c(r) = -r**3 - 184*r**2 + 56*r + 10333. Calculate c(-184).
29
Let m(p) = -567*p - 4354. Calculate m(-8).
182
Let m(w) = w**2 + 10664*w - 460402. Calculate m(43).
-1
Let b(y) = 303354*y - 303363. What is b(1)?
-9
Let y(g) = -g**2 - 279215*g + 3909202. Give y(14).
-4
Let s(h) = -948*h + 177214. Give s(187).
-62
Let d(w) = 2*w**2 + 206*w + 5017. Calculate d(-64).
25
Let q(z) = -3047081*z + 15235406. Give q(5).
1
Let j(o) = o**3 - 319*o**2 + 4872*o - 7265. What is j(303)?
7
Let y(b) = 20*b**2 + 61*b + 980. Give y(-7).
1533
Let l(p) = -2*p**3 + 2383*p**2 - 1077*p - 135652. What is l(1191)?
122
Let g(c) = -69*c**2 + 1648*c - 26. Determine g(24).
-218
Let v(h) = 5*h**3 + 110*h**2 + 80*h - 533. Determine v(-21).
-8
Let f(t) = 13983*t + 251745. Determine f(-18).
51
Let q(k) = k**3 - 92*k**2 + 520*k - 351. Give q(86).
-7
Let v(m) = 8*m**3 - 6045*m + 6047. Give v(1).
10
Let m(r) = -2*r**2 + 5732*r + 345155. Calculate m(-59).
5
Let i(c) = 39*c**2 + 1817*c - 481. Calculate i(-47).
271
Let g(t) = 14*t**2 + 581*t - 2566. Calculate g(-46).
332
Let k(a) = 18523*a**2 + 18418*a - 114. Determine k(-1).
-9
Let y(v) = 110536*v - 221104. Calculate y(2).
-32
Let k(w) = -7*w**3 - 188*w**2 - 1169*w - 32. Calculate k(-6).
1726
Let p(l) = -10*l + 1484. Give p(142).
64
Let f(d) = -967*d + 115072. Determine f(119).
-1
Let l(k) = -111457*k - 111270. Determine l(-1).
187
Let b(a) = -2*a**3 + 1122*a**2 - 3419*a + 39622. What is b(558)?
4
Let i(s) = s**2 - 1599*s + 12662. Calculate i(8).
-66
Let f(y) = 46302*y + 509288. Determine 